vided by 18.
11
Let s be (-2)/2*(-23)/(161/126). Let l = s - 15. What is the remainder when -1 + 98 + 3/l*4 is divided by 27?
20
Let s = 50 - 17. Let v(m) = -37*m + 127. Let o(d) = -114*d + 381. Let z(g) = 3*o(g) - 10*v(g). What is the remainder when z(8) is divided by s?
31
Calculate the remainder when (-2661)/(3/10*-5) is divided by 74.
72
Suppose -2*p + 3820 = 3*c - 2603, -3*c + 6405 = -4*p. Calculate the remainder when c is divided by 11.
5
Let a(h) = -2*h**3 - 124*h**2 + 205*h + 155. What is the remainder when a(-64) is divided by 20?
19
Suppose -18*p - 58*p - 10395 = -85179. Calculate the remainder when p is divided by 158.
36
Suppose 0*m + h = -m - 38, -4*m + 5*h = 170. Let z = 67 + m. Let i(p) = -13*p - 5. Calculate the remainder when z is divided by i(-1).
3
Let j = -8 - -14. Suppose -l + 45 = -j*l. Let f = l - -22. What is the remainder when 51 is divided by f?
12
Let t(g) = -g + 38. Let x be 5/60*2 + (-29)/(-6). Suppose -x*i = 20, -z - 3*z - 2*i = 44. What is the remainder when t(z) is divided by 7?
5
What is the remainder when 5791/1 - (-1 - -11) is divided by 89?
85
Let x(q) = q**2 - 4*q - 4. Let b be x(-2). Let v(s) = -6*s + 10 - 8 + 3 + b*s**2. Calculate the remainder when v(4) is divided by 22.
21
Let s(x) = -18*x - 44. Let o be s(14). Let f = o - -304. Calculate the remainder when f is divided by 7.
1
Let i = 15972 - 15943. Calculate the remainder when i is divided by 12.
5
Let u = 103 + -47. Let l(o) = -2*o**3 + 130*o**2 - 248*o - 233. Calculate the remainder when u is divided by l(63).
18
Suppose -d - 3*h + 404 = 0, -2*h - 2*h + 1624 = 4*d. Calculate the remainder when d is divided by 120.
47
What is the remainder when ((1540/(-25))/2)/((-2)/65) is divided by 47?
14
Suppose -31*v - 3*v + 19*v = -1050. Calculate the remainder when 914 is divided by v.
4
Let i = -2216 + 4195. What is the remainder when i is divided by 44?
43
Suppose -50968 - 12141 = -530*v + 57731. What is the remainder when 561 is divided by v?
105
Suppose 0*v + 36 = -v - 5*a, 0 = 5*a + 20. Let y be (-95)/(-3) - (-2)/(-3). Let f = v + y. What is the remainder when 28 is divided by f?
13
Suppose 2*t - 170 - 829 = -21*h, 218 = 4*h + 5*t. Calculate the remainder when 403 is divided by h.
27
Suppose -48 = -z - 7*z. What is the remainder when 80 is divided by 29 + (z - 1) - 6?
24
Suppose -11*h + 13*h + 2322 = 20*h. Let j(n) = n - 2. Let d be j(5). Suppose -d*u - 165 = -8*u. What is the remainder when h is divided by u?
30
Let z(c) = c**2 + 8*c - 26. Let y(k) = 2*k**3 - k**2 - 4*k + 2. Let w be y(2). Calculate the remainder when 321/w + 1/(-2) is divided by z(-11).
4
Suppose 6*m + 96 = 8*m - 4*g, -4*m + 3*g = -167. Suppose 0 = -13*o + 155 - m. Calculate the remainder when 42 is divided by o.
6
Let i = 126 + 95. Suppose -2*b + 45*n = 44*n - 147, 0 = -b - 5*n + 79. What is the remainder when i is divided by b?
73
Suppose -3*w = -2*d + 130, 2*d + 3*d = -5. Let s = 44 + w. Suppose z - 2*l - 29 = s, -4*l + 27 = 7. What is the remainder when z is divided by 21?
18
What is the remainder when 1493 is divided by 8546/18 + ((-4)/33)/(4308/(-7898))?
68
Let n(r) = -8*r + 3. Let w = 104277 + -104193. Calculate the remainder when w is divided by n(-5).
41
Suppose -708*r + 710*r = -8, 0 = -5*m - 4*r + 11419. Calculate the remainder when m is divided by 52.
51
Let k(t) = 7*t**2 - 161*t - 147. Calculate the remainder when 336 is divided by k(24).
0
Let a be (-4)/6 + (-784)/(-24). Suppose y + 4 = a. Suppose 0 = -84*t + 3725 + 2743. What is the remainder when t is divided by y?
21
Let t(d) = -17236*d - 155032. Suppose 0 = 4*p - 80 - 40. Calculate the remainder when t(-9) is divided by p.
2
Suppose -z + 5*l = -587, 3016 = 3*z + 2*z + 2*l. Suppose -7*x = -0*x - z. What is the remainder when x is divided by 22?
20
Let p(d) = -2*d**2 - 12*d - 6. Let m be p(-5). Suppose m*y - 2*h + 36 = 8*y, -3*y + 20 = 5*h. What is the remainder when (-8 + 9)/(1*-1)*-18 is divided by y?
8
Suppose -4*b + 24 = -0. Let c = 558 - 557. What is the remainder when b is divided by c?
0
Suppose 5*a + 3*a - 16 = 0. Suppose -4*d = -a*m - m - 505, -4*d + 490 = 2*m. What is the remainder when d is divided by 33?
25
Let s = -3 + 10. Let o = 136 - s. Let z = 149 - o. Calculate the remainder when z is divided by 12.
8
Let p = 435 - 408. Suppose -p*m - 434 = -3458. Calculate the remainder when m is divided by 42.
28
Let y(n) = 28*n**2 - 474*n - 12. Let t(k) = 152*k**2 - k - 1. What is the remainder when t(-1) is divided by y(17)?
20
Let m(n) = n**2 + 3*n + 4. What is the remainder when 8184/124 + (-171)/(-27) + 2/(-6) is divided by m(-8)?
28
Let k be -6*((-28)/(-12) - 2). Suppose -2*w - s + 20 = -4*s, w + 2*s = -4. Calculate the remainder when 1/(-3)*24/k is divided by w.
0
Let f(p) = 5*p**3 + 4*p + 3. Let k(w) = 6*w**3 + 5*w + 4. Let j(l) = -4*f(l) + 3*k(l). Let c = -249 + 372. Calculate the remainder when c is divided by j(-2).
15
What is the remainder when 3325 is divided by (57/76)/((-6)/(-256))?
29
Suppose 5*y = -3*x + 49, -534*x + 3*y - 23 = -535*x. Calculate the remainder when 478 is divided by x.
6
Suppose g + 132 = -5*g. Let m = 121 - 87. Calculate the remainder when (1111/g)/(2/(-4)) is divided by m.
33
Suppose l - 10 = 3*n, -l - 48 + 60 = -4*n. Let v = -6 - -8. What is the remainder when -9*l*-1*(-4)/(-16) is divided by v?
1
Let z = 389 - 391. Suppose 4*t - 53 - 39 = 0. What is the remainder when t is divided by (6/(-7))/(z/21)?
5
Suppose 0 = 6*j - 10*j + 8. Suppose 19 - 33 = -j*v. Suppose -2*f + v*f - 140 = 0. Calculate the remainder when f is divided by 8.
4
Suppose 0 = 5*i - 5, -37*f + i = -36*f - 25. Suppose 9*j = 7*j + 362. Calculate the remainder when j is divided by f.
25
Let a = -349 + 249. Let j = a - -126. What is the remainder when j is divided by 14?
12
Suppose 3*v + 5*m = -5 + 21, -4*v + 4*m = 0. Suppose -v*j = -4*j - 4*n + 58, j = -5*n + 20. Calculate the remainder when j is divided by 23.
12
Let g be (-4)/24 - 148/(-24). Suppose -49 = -3*z - 5*f, -f + g*f = -5. Suppose 2*m - 219 = -3*j, -z + 6 = 4*m. Calculate the remainder when j is divided by 26.
23
Let l = 405 + -317. Calculate the remainder when 873 is divided by l.
81
Suppose -i + 4*r = -12, 6 = -2*i - 2*r - 0. Suppose i = 9*l - 12*l + 66. Suppose 5*s = s + 160. Calculate the remainder when s is divided by l.
18
Let q = -33 - -36. Suppose g - q*d = -27, -g + 4*d = 14 + 16. What is the remainder when 19 is divided by 3 + (g/(-4) - (-4)/(-8))?
5
Let f = -48 - -1423. What is the remainder when f is divided by 51?
49
Let u(m) = -58*m + 782. Calculate the remainder when 113 is divided by u(13).
1
Suppose m - 14 = -5*u, u + 24 = 5*u + 4*m. Suppose 2*f + g - 510 = -3*f, -u*f = 5*g - 204. Let y = -12 - -64. Calculate the remainder when f is divided by y.
50
Let s(v) = -v**2 + 15*v - 2. Let z be (-1656)/(-126) - (1 + (-12)/14). Calculate the remainder when 71 is divided by s(z).
23
Suppose d + 104 = 4*i, -3*i - 186 = 2*d - 0*d. Calculate the remainder when (378/28)/((-201)/d - 2) is divided by 30.
24
Let k be ((-5)/(-4))/((-2)/(-8)). Suppose 0*d - 2*d = -5*s + 13, 5*s + k = 5*d. Suppose 103*f - 4625 = -38*f + 28. What is the remainder when f is divided by d?
3
Let c = -7 + 2. Suppose -p - 3 = -2*w + 3, -4*w + 20 = 0. What is the remainder when p is divided by -4 - -21*c/(-15)?
1
Suppose -14*i = -1571 + 1333. Let t(m) = m**3 - 2*m**2 + m. Let b be t(3). Let w = 21 - b. What is the remainder when i is divided by w?
8
What is the remainder when 894 is divided by (-620)/(-14) + (-14)/49?
14
Let b(f) = -f**2 + 14*f - 7. Let h(c) = -c + 23. Let n be h(11). What is the remainder when 10658/365 - (-4)/5 is divided by b(n)?
13
Suppose 3*x = -3*q + 273, -17*x - 294 = -21*x + q. Suppose 4*z - 88 = -3*d, -5*z + 2*d = -0*d - 87. Calculate the remainder when x is divided by z.
1
Suppose 272 - 442 = -4*d + 418. What is the remainder when d is divided by 41?
24
Let r = 1143 - 1102. Calculate the remainder when (-2 + 0 - -119) + 0 is divided by r.
35
Suppose 5284*z - 5265*z - 399 = 0. What is the remainder when 1902 is divided by z?
12
Let g(q) = 24*q**2 + 78*q - 63. What is the remainder when g(-9) is divided by 27?
18
Let w be (8/(-12))/((-1)/18*-3). What is the remainder when 126 - (4 + w)/(9/3) is divided by 13?
9
Let o = 25 + -14. Let g be (-8)/(-14) + (-5